{"id":13,"date":"2024-07-18T20:45:59","date_gmt":"2024-07-18T18:45:59","guid":{"rendered":"http:\/\/lstpoland.pl\/?page_id=13"},"modified":"2024-07-18T20:57:02","modified_gmt":"2024-07-18T18:57:02","slug":"lst","status":"publish","type":"page","link":"https:\/\/lstpoland.pl\/","title":{"rendered":"LST Poland &#8211; Logistyka Transport Spedycja"},"content":{"rendered":"<div id=\"sp-page\" class=\"spBgcover sp-content-4\" style=\"background-color: rgb(255, 255, 255); font-family: Roboto, sans-serif; font-weight: 400;\">\n<section id=\"sp-ks8a8s\" data-mobile-visibility=\"#sp-ks8a8s|false\" data-tablet-visibility=\"#sp-ks8a8s|false\" data-desktop-visibility=\"#sp-ks8a8s|false\" data-mobile-css=\"\" data-tablet-css=\"\" class=\"sp-el-section \" style=\"width: 100%; max-width: 100%; padding: 10px;\">\n<div id=\"sp-vw3kvy\" data-mobile-visibility=\"#sp-vw3kvy|false\" data-tablet-visibility=\"#sp-vw3kvy|false\" data-desktop-visibility=\"#sp-vw3kvy|false\" data-mobile-css=\"\" data-tablet-css=\"\" class=\"sp-el-row sp-w-full  sp-m-auto sm:sp-flex sp-justify-between\" style=\"padding: 0px; width: auto; max-width: 1000px;\">\n<div id=\"sp-ovbx1s\" data-mobile-visibility=\"#sp-ovbx1s|false\" data-tablet-visibility=\"#sp-ovbx1s|false\" data-desktop-visibility=\"#sp-ovbx1s|false\" data-mobile-css=\"\" data-tablet-css=\"\" class=\"sp-el-col  sp-w-full\" style=\"width: calc(100% + 0px);\">\n<style type=\"text\/css\">\n      #sp-ovbx1s .sp-col-top .seedprod-shape-fill {fill: undefined;} #sp-ovbx1s .sp-col-top svg {width: undefined%;height: undefinedpx;transform: translateX(-50%);} #sp-ovbx1s .sp-col-bottom .seedprod-shape-fill {fill: undefined;} #sp-ovbx1s .sp-col-bottom svg {width: undefined%;height: undefinedpx;transform: translateX(-50%);}\n    <\/style>\n<div class=\"sp-col-shape sp-col-top\" style=\"z-index: 0;\">\n<div><\/div>\n<\/div>\n<div class=\"sp-col-shape sp-col-bottom\" style=\"z-index: 0;\">\n<div><\/div>\n<\/div>\n<figure id=\"sp-xnapms\" data-mobile-css=\"#sp-xnapms|text-align:center;margin:60px 0px 40px 0px ;\" data-tablet-css=\"#sp-xnapms|text-align:center;margin:0px 0px 39px 0px ;\" class=\"sp-image-wrapper sp-el-block\" style=\"margin: 0px 0px 40px; text-align: center;\">\n<div><span><img fetchpriority=\"high\" decoding=\"async\" src=\"https:\/\/lstpoland.pl\/wp-content\/uploads\/2024\/07\/logo.png\" alt=\"\" width=\"932\" height=\"452\" data-dynamic-tag=\"\" data-image-src=\"wpmedia\" data-mobile-visibility=\".sp-image-block-xnapms|false\" data-tablet-visibility=\".sp-image-block-xnapms|false\" data-desktop-visibility=\".sp-image-block-xnapms|false\" srcset=\" https:\/\/lstpoland.pl\/wp-content\/uploads\/2024\/07\/logo-150x150.png 150w, https:\/\/lstpoland.pl\/wp-content\/uploads\/2024\/07\/logo-300x145.png 300w, https:\/\/lstpoland.pl\/wp-content\/uploads\/2024\/07\/logo.png 932w\" class=\"sp-image-block-xnapms custom-preview-class\" style=\"width: 60%;\"><\/span><\/div>\n<div id=\"sp-image-dynamic-tags-js-xnapms\"><script>jQuery(function() { image_dynamic_tags('xnapms' );});<\/script><\/div>\n<\/figure>\n<p><span href=\"\" target=\"\" rel=\"\" class=\"sp-header-block-link\" style=\"text-decoration: none;\"><\/p>\n<h2 id=\"y0sc75\" data-mobile-css=\".sp-headline-block-y0sc75, #sp-y0sc75, #y0sc75|font-size:22px;text-align:center;\" data-tablet-css=\".sp-headline-block-y0sc75, #sp-y0sc75, #y0sc75|font-size:36px;text-align:center;\" data-mobile-visibility=\".sp-headline-block-y0sc75|false\" data-tablet-visibility=\".sp-headline-block-y0sc75|false\" data-desktop-visibility=\".sp-headline-block-y0sc75|false\" class=\"sp-css-target sp-el-block  sp-headline-block-y0sc75 sp-type-header mce-content-body html4-captions\" style=\"font-size: 36px; text-align: center; margin: 0px; position: relative;\"  >Strona w budowie<\/h2>\n<p><\/span><\/p>\n<div id=\"sp-p7ef8k\" data-mobile-css=\".sp-text-wrapper-p7ef8k, #sp-p7ef8k, #p7ef8k|text-align:center;\" data-tablet-css=\".sp-text-wrapper-p7ef8k, #sp-p7ef8k, #p7ef8k|text-align:left;\" data-mobile-visibility=\".sp-text-wrapper-p7ef8k|false\" data-tablet-visibility=\".sp-text-wrapper-p7ef8k|false\" data-desktop-visibility=\".sp-text-wrapper-p7ef8k|false\" class=\"sp-css-target sp-text-wrapper sp-el-block sp-text-wrapper-p7ef8k\" style=\"font-size: 16px; margin: 0px; text-align: center;\">\n<p>Nasza strona jest obecnie w budowie, ale ju\u017c nied\u0142ugo b\u0119dziemy gotowi, by przedstawi\u0107 Wam co\u015b wyj\u0105tkowego. Tymczasem prosimy o cierpliwo\u015b\u0107 i zach\u0119camy do kontaktu.<\/p>\n<\/div>\n<div id=\"sp-uwmxsd\" data-mobile-visibility=\".sp-divider-block-uwmxsd|false\" data-tablet-visibility=\".sp-divider-block-uwmxsd|false\" data-desktop-visibility=\".sp-divider-block-uwmxsd|false\" data-mobile-css=\"#sp-uwmxsd .sp-divider-text-block .sp-divider-text, #sp-uwmxsd|justify-content:center;padding:10px 0px 10px 0px ;\" data-tablet-css=\"#sp-uwmxsd .sp-divider-text-block .sp-divider-text, #sp-uwmxsd|justify-content:center;padding:30px 0px 30px 0px ;\" class=\"sp-divider-wrapper sp-flex sp-el-block sp-divider-block-uwmxsd\" style=\"margin: 0px; justify-content: center; padding: 30px 0px;\">\n<style type=\"text\/css\">\n    #sp-uwmxsd .sp-divider-separator::after , #sp-uwmxsd .sp-divider-separator::before  {content:\"\"}\n    #sp-uwmxsd .sp-divider .sp-divider-separator::after , #sp-uwmxsd .sp-divider .sp-divider-separator::before {display:block;border-top:1px solid #000000}\n    #sp-uwmxsd .sp-divider .sp-divider-text-block .sp-divider-text \n    {color:#000000}\n    #sp-uwmxsd .sp-divider .sp-divider-text-block.sp-divider-icon-block \n    {color:#000000}\n  <\/style>\n<div class=\"sp-divider sp-flex\" style=\"width: 90%; border-top: 1px solid rgb(0, 0, 0);\"><\/div>\n<\/div>\n<p><span href=\"\" target=\"\" rel=\"\" class=\"sp-header-block-link\" style=\"text-decoration: none;\"><\/p>\n<h1 id=\"sp-lnuloz\" data-mobile-css=\".sp-headline-block-lnuloz, #sp-lnuloz, #lnuloz|font-size:22px;text-align:center;\" data-tablet-css=\".sp-headline-block-lnuloz, #sp-lnuloz, #lnuloz|text-align:center;\" data-mobile-visibility=\".sp-headline-block-lnuloz|false\" data-tablet-visibility=\".sp-headline-block-lnuloz|false\" data-desktop-visibility=\".sp-headline-block-lnuloz|false\" class=\"sp-css-target sp-el-block sp-headline-block-lnuloz sp-type-header\" style=\"text-align: center; margin: 0px;\">LST POLAND SP. Z O.O.<\/h1>\n<p><\/span><\/p>\n<div id=\"sp-szqxam\" data-mobile-css=\".sp-text-wrapper-szqxam, #sp-szqxam, #szqxam|text-align:center;\" data-tablet-css=\".sp-text-wrapper-szqxam, #sp-szqxam, #szqxam|text-align:center;\" data-mobile-visibility=\".sp-text-wrapper-szqxam|false\" data-tablet-visibility=\".sp-text-wrapper-szqxam|false\" data-desktop-visibility=\".sp-text-wrapper-szqxam|false\" class=\"sp-css-target sp-text-wrapper sp-el-block sp-text-block-style sp-text-wrapper-szqxam\" style=\"margin: 0px; text-align: center;\">\n<p>Druskienicka 8\/10<br \/>60-476 Pozna\u0144<br \/>NIP: 7792371938<\/p>\n<\/div>\n<div id=\"sp-c81xi4\" data-mobile-css=\"#sp-c81xi4|height:40px;\" data-tablet-css=\"#sp-c81xi4|height:10px;\" class=\"sp-spacer\" style=\"height: 12px;\"><\/div>\n<div id=\"sp-dhhe4i\" data-mobile-css=\".sp-bulletlist-block-dhhe4i, #sp-dhhe4i|justify-content:center;\" data-tablet-css=\".sp-bulletlist-block-dhhe4i, #sp-dhhe4i|justify-content:center;\" data-mobile-visibility=\".sp-bulletlist-block-dhhe4i|false\" data-tablet-visibility=\".sp-bulletlist-block-dhhe4i|false\" data-desktop-visibility=\".sp-bulletlist-block-dhhe4i|false\" class=\"sp-flex sp-css-target sp-el-block sp-bulletlist-block-template-0 sp-justify-center sp-bulletlist-block-dhhe4i\" style=\"margin: 0px;\">\n<ul class=\"sp-bulletlist-wrapper\">\n<li data-mobile-css=\"\" data-tablet-css=\"\" class=\"sp-flex sp-items-center sp-bullet-list-item-dhhe4i-0 sp-justify-center\"><span class=\"sp-icon-wrapper sp-mr-4\"><i class=\"fa-fw fa-lg fas fa-envelope\" style=\"width: 32px; line-height: 32px;\"><\/i><\/span><span><a href=\"mailto:biuro@lstpoland.pl\">biuro@lstpoland.pl<\/a><\/span><\/li>\n<\/ul>\n<\/div>\n<div id=\"sp-d4et4f\" data-mobile-css=\"#sp-d4et4f|height:40px;\" data-tablet-css=\"#sp-d4et4f|height:10px;\" class=\"sp-spacer\" style=\"height: 22px;\"><\/div>\n<\/div>\n<\/div>\n<\/section>\n<\/div>\n","protected":false},"excerpt":{"rendered":"<p>Strona w budowie Nasza strona jest obecnie w budowie, ale ju\u017c nied\u0142ugo b\u0119dziemy gotowi, by przedstawi\u0107 Wam co\u015b wyj\u0105tkowego. Tymczasem prosimy o cierpliwo\u015b\u0107 i zach\u0119camy do kontaktu. LST POLAND SP. Z O.O. Druskienicka 8\/1060-476 Pozna\u0144NIP: 7792371938 biuro@lstpoland.pl<\/p>\n","protected":false},"author":1,"featured_media":0,"parent":0,"menu_order":0,"comment_status":"closed","ping_status":"closed","template":"","meta":{"footnotes":""},"class_list":["post-13","page","type-page","status-publish","hentry"],"yoast_head":"<!-- This site is optimized with the Yoast SEO plugin v23.9 - https:\/\/yoast.com\/wordpress\/plugins\/seo\/ -->\n<title>LST Poland - Logistyka Transport Spedycja - LST Poland - Logistyka Spedycja Transport<\/title>\n<meta name=\"robots\" content=\"index, follow, max-snippet:-1, max-image-preview:large, max-video-preview:-1\" \/>\n<link rel=\"canonical\" href=\"https:\/\/lstpoland.pl\/\" \/>\n<meta property=\"og:locale\" content=\"pl_PL\" \/>\n<meta property=\"og:type\" content=\"article\" \/>\n<meta property=\"og:title\" content=\"LST Poland - Logistyka Transport Spedycja - LST Poland - Logistyka Spedycja Transport\" \/>\n<meta property=\"og:description\" content=\"Strona w budowie Nasza strona jest obecnie w budowie, ale ju\u017c nied\u0142ugo b\u0119dziemy gotowi, by przedstawi\u0107 Wam co\u015b wyj\u0105tkowego. Tymczasem prosimy o cierpliwo\u015b\u0107 i zach\u0119camy do kontaktu. LST POLAND SP. Z O.O. Druskienicka 8\/1060-476 Pozna\u0144NIP: 7792371938 biuro@lstpoland.pl\" \/>\n<meta property=\"og:url\" content=\"https:\/\/lstpoland.pl\/\" \/>\n<meta property=\"og:site_name\" content=\"LST Poland - Logistyka Spedycja Transport\" \/>\n<meta property=\"article:modified_time\" content=\"2024-07-18T18:57:02+00:00\" \/>\n<meta property=\"og:image\" content=\"http:\/\/lstpoland.pl\/wp-content\/uploads\/2024\/07\/logo.png\" \/>\n<meta name=\"twitter:card\" content=\"summary_large_image\" \/>\n<script type=\"application\/ld+json\" class=\"yoast-schema-graph\">{\"@context\":\"https:\/\/schema.org\",\"@graph\":[{\"@type\":\"WebPage\",\"@id\":\"https:\/\/lstpoland.pl\/\",\"url\":\"https:\/\/lstpoland.pl\/\",\"name\":\"LST Poland - Logistyka Transport Spedycja - LST Poland - Logistyka Spedycja Transport\",\"isPartOf\":{\"@id\":\"https:\/\/lstpoland.pl\/#website\"},\"primaryImageOfPage\":{\"@id\":\"https:\/\/lstpoland.pl\/#primaryimage\"},\"image\":{\"@id\":\"https:\/\/lstpoland.pl\/#primaryimage\"},\"thumbnailUrl\":\"https:\/\/lstpoland.pl\/wp-content\/uploads\/2024\/07\/logo.png\",\"datePublished\":\"2024-07-18T18:45:59+00:00\",\"dateModified\":\"2024-07-18T18:57:02+00:00\",\"breadcrumb\":{\"@id\":\"https:\/\/lstpoland.pl\/#breadcrumb\"},\"inLanguage\":\"pl-PL\",\"potentialAction\":[{\"@type\":\"ReadAction\",\"target\":[\"https:\/\/lstpoland.pl\/\"]}]},{\"@type\":\"ImageObject\",\"inLanguage\":\"pl-PL\",\"@id\":\"https:\/\/lstpoland.pl\/#primaryimage\",\"url\":\"https:\/\/lstpoland.pl\/wp-content\/uploads\/2024\/07\/logo.png\",\"contentUrl\":\"https:\/\/lstpoland.pl\/wp-content\/uploads\/2024\/07\/logo.png\",\"width\":932,\"height\":452},{\"@type\":\"BreadcrumbList\",\"@id\":\"https:\/\/lstpoland.pl\/#breadcrumb\",\"itemListElement\":[{\"@type\":\"ListItem\",\"position\":1,\"name\":\"Home\",\"item\":\"https:\/\/lstpoland.pl\/\"},{\"@type\":\"ListItem\",\"position\":2,\"name\":\"LST Poland &#8211; Logistyka Transport Spedycja\"}]},{\"@type\":\"WebSite\",\"@id\":\"https:\/\/lstpoland.pl\/#website\",\"url\":\"https:\/\/lstpoland.pl\/\",\"name\":\"LST Poland - Logistyka Spedycja Transport\",\"description\":\"\",\"potentialAction\":[{\"@type\":\"SearchAction\",\"target\":{\"@type\":\"EntryPoint\",\"urlTemplate\":\"https:\/\/lstpoland.pl\/?s={search_term_string}\"},\"query-input\":{\"@type\":\"PropertyValueSpecification\",\"valueRequired\":true,\"valueName\":\"search_term_string\"}}],\"inLanguage\":\"pl-PL\"}]}<\/script>\n<!-- \/ Yoast SEO plugin. -->","yoast_head_json":{"title":"LST Poland - Logistyka Transport Spedycja - LST Poland - Logistyka Spedycja Transport","robots":{"index":"index","follow":"follow","max-snippet":"max-snippet:-1","max-image-preview":"max-image-preview:large","max-video-preview":"max-video-preview:-1"},"canonical":"https:\/\/lstpoland.pl\/","og_locale":"pl_PL","og_type":"article","og_title":"LST Poland - Logistyka Transport Spedycja - LST Poland - Logistyka Spedycja Transport","og_description":"Strona w budowie Nasza strona jest obecnie w budowie, ale ju\u017c nied\u0142ugo b\u0119dziemy gotowi, by przedstawi\u0107 Wam co\u015b wyj\u0105tkowego. Tymczasem prosimy o cierpliwo\u015b\u0107 i zach\u0119camy do kontaktu. LST POLAND SP. Z O.O. Druskienicka 8\/1060-476 Pozna\u0144NIP: 7792371938 biuro@lstpoland.pl","og_url":"https:\/\/lstpoland.pl\/","og_site_name":"LST Poland - Logistyka Spedycja Transport","article_modified_time":"2024-07-18T18:57:02+00:00","og_image":[{"url":"http:\/\/lstpoland.pl\/wp-content\/uploads\/2024\/07\/logo.png"}],"twitter_card":"summary_large_image","schema":{"@context":"https:\/\/schema.org","@graph":[{"@type":"WebPage","@id":"https:\/\/lstpoland.pl\/","url":"https:\/\/lstpoland.pl\/","name":"LST Poland - Logistyka Transport Spedycja - LST Poland - Logistyka Spedycja Transport","isPartOf":{"@id":"https:\/\/lstpoland.pl\/#website"},"primaryImageOfPage":{"@id":"https:\/\/lstpoland.pl\/#primaryimage"},"image":{"@id":"https:\/\/lstpoland.pl\/#primaryimage"},"thumbnailUrl":"https:\/\/lstpoland.pl\/wp-content\/uploads\/2024\/07\/logo.png","datePublished":"2024-07-18T18:45:59+00:00","dateModified":"2024-07-18T18:57:02+00:00","breadcrumb":{"@id":"https:\/\/lstpoland.pl\/#breadcrumb"},"inLanguage":"pl-PL","potentialAction":[{"@type":"ReadAction","target":["https:\/\/lstpoland.pl\/"]}]},{"@type":"ImageObject","inLanguage":"pl-PL","@id":"https:\/\/lstpoland.pl\/#primaryimage","url":"https:\/\/lstpoland.pl\/wp-content\/uploads\/2024\/07\/logo.png","contentUrl":"https:\/\/lstpoland.pl\/wp-content\/uploads\/2024\/07\/logo.png","width":932,"height":452},{"@type":"BreadcrumbList","@id":"https:\/\/lstpoland.pl\/#breadcrumb","itemListElement":[{"@type":"ListItem","position":1,"name":"Home","item":"https:\/\/lstpoland.pl\/"},{"@type":"ListItem","position":2,"name":"LST Poland &#8211; Logistyka Transport Spedycja"}]},{"@type":"WebSite","@id":"https:\/\/lstpoland.pl\/#website","url":"https:\/\/lstpoland.pl\/","name":"LST Poland - Logistyka Spedycja Transport","description":"","potentialAction":[{"@type":"SearchAction","target":{"@type":"EntryPoint","urlTemplate":"https:\/\/lstpoland.pl\/?s={search_term_string}"},"query-input":{"@type":"PropertyValueSpecification","valueRequired":true,"valueName":"search_term_string"}}],"inLanguage":"pl-PL"}]}},"_links":{"self":[{"href":"https:\/\/lstpoland.pl\/index.php?rest_route=\/wp\/v2\/pages\/13","targetHints":{"allow":["GET"]}}],"collection":[{"href":"https:\/\/lstpoland.pl\/index.php?rest_route=\/wp\/v2\/pages"}],"about":[{"href":"https:\/\/lstpoland.pl\/index.php?rest_route=\/wp\/v2\/types\/page"}],"author":[{"embeddable":true,"href":"https:\/\/lstpoland.pl\/index.php?rest_route=\/wp\/v2\/users\/1"}],"replies":[{"embeddable":true,"href":"https:\/\/lstpoland.pl\/index.php?rest_route=%2Fwp%2Fv2%2Fcomments&post=13"}],"version-history":[{"count":7,"href":"https:\/\/lstpoland.pl\/index.php?rest_route=\/wp\/v2\/pages\/13\/revisions"}],"predecessor-version":[{"id":21,"href":"https:\/\/lstpoland.pl\/index.php?rest_route=\/wp\/v2\/pages\/13\/revisions\/21"}],"wp:attachment":[{"href":"https:\/\/lstpoland.pl\/index.php?rest_route=%2Fwp%2Fv2%2Fmedia&parent=13"}],"curies":[{"name":"wp","href":"https:\/\/api.w.org\/{rel}","templated":true}]}}